is 455 - -673?
b08
In base 13, what is -4 - 17b50?
-17b54
In base 15, what is -1b86b4 - 2?
-1b86b6
In base 2, what is 10001000 + -110001010?
-100000010
In base 7, what is 201 - 310?
-106
In base 7, what is -1 + 13105103?
13105102
In base 15, what is -20198 - -9?
-2018e
In base 4, what is 1013330 + 11331?
1031321
In base 7, what is -3 + -1634130?
-1634133
In base 6, what is 5034502 + -4?
5034454
In base 13, what is 135 - -251?
386
In base 4, what is -2110112 - 31?
-2110203
In base 16, what is 10577 + 5?
1057c
In base 4, what is -3 + 23113210?
23113201
In base 7, what is -31660 - -4?
-31653
In base 6, what is 41533 - 1511?
40022
In base 2, what is 1110001 - 1010001001101?
-1001111011100
In base 15, what is -6d - 7ac?
-82a
In base 11, what is -14 - -2716?
2702
In base 13, what is 3622 - -8?
362a
In base 16, what is c - 1b18?
-1b0c
In base 13, what is -846 - -21?
-825
In base 11, what is -6 + 8186?
8180
In base 15, what is -6 + 3b444?
3b43d
In base 14, what is -18a + -77?
-223
In base 4, what is -11 + -1133221213?
-1133221230
In base 2, what is 1001101101110 - 1000001?
1001100101101
In base 8, what is -21243 - 611?
-22054
In base 12, what is -6 - 2382?
-2388
In base 15, what is 14b55 + 1?
14b56
In base 10, what is 4638 + -16?
4622
In base 13, what is b1 - 7c0a?
-7b29
In base 4, what is -10 + 2010202210?
2010202200
In base 9, what is -15 + -1400?
-1415
In base 16, what is 2b2a1 + -b?
2b296
In base 5, what is 11230130 + 2?
11230132
In base 3, what is -10121012110010 - 2?
-10121012110012
In base 9, what is -41 - 51256?
-51307
In base 8, what is 30616 - 13?
30603
In base 14, what is -13d6 - 13?
-1409
In base 16, what is -1 - 16fec?
-16fed
In base 16, what is -974d - 11?
-975e
In base 2, what is 11101011001000010 - 1?
11101011001000001
In base 16, what is 1 + 19fda?
19fdb
In base 6, what is -1 - -33444?
33443
In base 3, what is -2110 + -11202121?
-11212001
In base 16, what is -186ec - -1?
-186eb
In base 11, what is -2 + 69129?
69127
In base 15, what is -1e - -c21e?
c200
In base 6, what is -13 + 2240214?
2240201
In base 2, what is 10110110011011 + 11000?
10110110110011
In base 2, what is 1010110110000 - 1000000110?
1001110101010
In base 13, what is 146 + 399?
512
In base 15, what is 16 - 2490?
-2479
In base 4, what is 323302003132 + -1?
323302003131
In base 13, what is -5 - b1c1?
-b1c6
In base 2, what is -101000100001000010 - 110?
-101000100001001000
In base 2, what is 1110 - -11001110111010?
11001111001000
In base 5, what is 301431433 - 1?
301431432
In base 3, what is -1 - 11210222?
-11211000
In base 2, what is -1000000 - 111011001?
-1000011001
In base 14, what is -5 + -5370?
-5375
In base 9, what is 3 - 201561?
-201557
In base 3, what is -21 - -12001011210?
12001011112
In base 11, what is 5 - -26a0?
26a5
In base 2, what is 1010100110110 - -10001?
1010101000111
In base 11, what is -a8040 - a?
-a804a
In base 9, what is 180 + 1118?
1308
In base 14, what is 3828 + -4?
3824
In base 16, what is 31 - 1c8?
-197
In base 4, what is 3133031 - 10?
3133021
In base 8, what is -11 - 2347?
-2360
In base 13, what is 6b + 168a?
1728
In base 6, what is -13214301 + 5?
-13214252
In base 11, what is 624 - -782?
12a6
In base 13, what is 173 + 27c?
422
In base 9, what is 7 + 17866?
17874
In base 16, what is 2 + -2a5e8?
-2a5e6
In base 2, what is 101110011110110000 - -101?
101110011110110101
In base 4, what is 11 + 200302200?
200302211
In base 10, what is -212 + -24112?
-24324
In base 16, what is -a11 + -3?
-a14
In base 7, what is -12621 + 2040?
-10551
In base 15, what is -14102 - b?
-1410d
In base 11, what is -4 - -48704?
48700
In base 11, what is -200205 - 3?
-200208
In base 13, what is -978a4 + -4?
-978a8
In base 5, what is 3 + 123144?
123202
In base 8, what is 4 - -75337?
75343
In base 16, what is 141c8f - -5?
141c94
In base 13, what is -18 + -1b7?
-202
In base 7, what is 113 - -15234?
15350
In base 15, what is 25b0e2 + 0?
25b0e2
In base 7, what is -35 - 106653?
-110021
In base 13, what is -274851 - 4?
-274855
In base 10, what is 1 - -17516?
17517
In base 4, what is -321133230302 + 0?
-321133230302
In base 5, what is -1220130 + -11?
-1220141
In base 13, what is -44 - -b03?
a8c
In base 5, what is -40432 + 231?
-40201
In base 8, what is -3 + 313552?
313547
In base 10, what is -4654 + -18?
-4672
In base 9, what is 1350 - 1314?
35
In base 7, what is -131005 - 61?
-131066
In base 4, what is 331 - 12211?
-11220
In base 8, what is -6357 - 55?
-6434
In base 10, what is -2286 - 75?
-2361
In base 6, what is -113430 - 1?
-113431
In base 8, what is -10103 + -117?
-10222
In base 10, what is 2495058 - 2?
2495056
In base 14, what is -15 - -5b8?
5a3
In base 5, what is 1 - 10110110?
-10110104
In base 15, what is 3 - e723?
-e720
In base 10, what is 0 - -14515?
14515
In base 2, what is -11001001011110 + 111?
-11001001010111
In base 3, what is -120 - -2101102121?
2101102001
In base 7, what is 15444031 - 0?
15444031
In base 7, what is -16 - -465?
446
In base 9, what is 1 - 25102?
-25101
In base 5, what is -12302 - 314?
-13121
In base 4, what is -33 + -1212222?
-1212321
In base 5, what is 23323122 - -10?
23323132
In base 15, what is -2 + -4ae76?
-4ae78
In base 11, what is 8 - a3a39?
-a3a31
In base 16, what is 4b0b + -1?
4b0a
In base 12, what is -5 - -9010?
9007
In base 9, what is -428 - -266?
-152
In base 7, what is 5 - 406155?
-406150
In base 13, what is -18 + 209?
1c1
In base 7, what is 413 - -5055?
5501
In base 4, what is -10 + -1013330011?
-1013330021
In base 6, what is -20042 + -4125?
-24211
In base 3, what is 211002 - -2210?
220212
In base 3, what is 12 + 2001102201211?
2001102202000
In base 7, what is 4365 - -125?
4523
In base 12, what is -292 + -7767?
-7a39
In base 2, what is 1 + -110110111010111110?
-110110111010111101
In base 14, what is b6b - -29?
b96
In base 7, what is -124 - 130?
-254
In base 16, what is 6314b - -4?
6314f
In base 11, what is -13 + 132?
11a
In base 14, what is 20190 + 6?
20196
In base 8, what is 1744 - -2227?
4173
In base 10, what is -1332 - 526?
-1858
In base 12, what is -4528 + 7?
-4521
In base 2, what is 101111010110111 - -101?
101111010111100
In base 10, what is 4 - -319191?
319195
In base 14, what is -2a - -1c027?
1bddb
In base 4, what is 1020023222 + -1?
1020023221
In base 9, what is 58 + 583?
652
In base 3, what is -221 - 1211012?
-1212010
In base 16, what is 6 + 350e?
3514
In base 11, what is 1171 - -aaa?
2170
In base 3, what is -220 + 2022021?
2021101
In base 2, what is -11011101100111 + 1010?
-11011101011101
In base 11, what is -5 + -10380?
-10385
In base 13, what is 57805 + 4?
57809
In base 4, what is 10 - -1022220?
1022230
In base 16, what is -238ce + 0?
-238ce
In base 15, what is -4 - -19eb8?
19eb4
In base 13, what is 682 - -835?
11b7
In base 10, what is -21 - -6270?
6249
In base 15, what is -17b - -3c8?
24c
In base 5, what is -413011314 - -2?
-413011312
In base 4, what is 13311 + -203?
13102
In base 9, what is 68510 + -5?
68504
In base 7, what is 4 - -114102?
114106
In base 6, what is -22443 + -533?
-23420
In base 7, what is 246 - 1200?
-621
In base 12, what is -a2a - a1?
-b0b
In base 7, what is 5452 + -1?
5451
In base 11, what is 106 + 215a?
2265
In base 2, what is -1001100101 - -10010?
-1001010011
In base 5, what is -24 + -1411142?
-1411221
In base 16, what is 1071e + 16?
10734
In base 16, what is -15d1 - f?
-15e0
In base 2, what is 100001100000001 - 1?
100001100000000
In base 10, what is -2061 + -11?
-2072
In base 14, what is 21 + -611?
-5d0
In base 11, what is -729424 - -2?
-729422
In base 3, what is 100212 - 1002?
22210
In base 2, what is -11100 + 100101110101?
100101011001
In base 5, what is -203 + -1100441?
-1101144
In base 2, what is -110111 + -100010001?
-101001000
In base 16, what is -11c4 - -8?
-11bc
In base 14, what is 28 + 5c?
86
In base 7, what is 12436 - 33?
12403
In base 6, what is -4520 - 12?
-4532
In base 6, what is -25200531 - 0?
-25200531
In base 3, what is -12111111202 + 0?
-12111111202
In base 2, what is -1011011 + -10001010100?
-10010101111
In base 14, what is -2 - 36480?
-36482
In base 11, what is -3 + -6217?
-621a
In base 5, what is -2020 - 1124?
-3144
In base 3, what is -22200011 - 100?
-22200111
In base 2, what is 11000111101110101 - 101?
11000111101110000
In base 11, what is -501 + -324?
-825
In base 14, what is -2 + 1d